e hundred thousands digit of 480874219?
8
What is the hundreds digit of 346508027?
0
What is the units digit of 44269824?
4
What is the hundred thousands digit of 69192080?
1
What is the millions digit of 4815512012?
5
What is the ten millions digit of 1617278064?
1
What is the millions digit of 53744035?
3
What is the hundreds digit of 6472583?
5
What is the thousands digit of 33692959?
2
What is the thousands digit of 63096268?
6
What is the thousands digit of 131184771?
4
What is the units digit of 46486495?
5
What is the hundreds digit of 90020319?
3
What is the ten thousands digit of 217601841?
0
What is the millions digit of 31175989?
1
What is the thousands digit of 1904368026?
8
What is the tens digit of 2511358641?
4
What is the ten millions digit of 26088398?
2
What is the millions digit of 1912728596?
2
What is the billions digit of 1607618476?
1
What is the ten millions digit of 1404264565?
0
What is the ten thousands digit of 191869622?
6
What is the hundred millions digit of 214771360?
2
What is the hundred millions digit of 110919539?
1
What is the units digit of 328386325?
5
What is the thousands digit of 159790040?
0
What is the tens digit of 2062195258?
5
What is the hundreds digit of 63749316?
3
What is the hundred thousands digit of 2399291411?
2
What is the ten millions digit of 423748800?
2
What is the millions digit of 1438557985?
8
What is the hundred thousands digit of 130952012?
9
What is the thousands digit of 1919838304?
8
What is the billions digit of 2508550750?
2
What is the hundred thousands digit of 2211699179?
6
What is the billions digit of 3555520536?
3
What is the millions digit of 100539653?
0
What is the units digit of 27054514?
4
What is the units digit of 436810046?
6
What is the ten millions digit of 261745937?
6
What is the thousands digit of 959474360?
4
What is the ten thousands digit of 1091586554?
8
What is the hundred thousands digit of 19632853?
6
What is the hundred thousands digit of 2574261957?
2
What is the ten thousands digit of 1023678396?
7
What is the hundred millions digit of 3977005452?
9
What is the units digit of 22148819?
9
What is the ten thousands digit of 1922708013?
0
What is the millions digit of 165991905?
5
What is the hundred thousands digit of 81857994?
8
What is the hundred thousands digit of 835111029?
1
What is the units digit of 1030789636?
6
What is the ten thousands digit of 24318970?
1
What is the hundred thousands digit of 1715176641?
1
What is the tens digit of 240652375?
7
What is the tens digit of 6429035?
3
What is the millions digit of 862059051?
2
What is the hundred millions digit of 537998807?
5
What is the ten thousands digit of 5947639?
4
What is the hundred millions digit of 2636100561?
6
What is the ten thousands digit of 161988?
6
What is the thousands digit of 789600038?
0
What is the hundred thousands digit of 158002638?
0
What is the hundreds digit of 177390391?
3
What is the thousands digit of 234305302?
5
What is the hundreds digit of 3045638132?
1
What is the hundred thousands digit of 107409192?
4
What is the hundred millions digit of 2715170181?
7
What is the ten thousands digit of 1109664086?
6
What is the hundreds digit of 154880029?
0
What is the ten thousands digit of 254410076?
1
What is the hundred millions digit of 1429814613?
4
What is the thousands digit of 205487951?
7
What is the hundred millions digit of 296023286?
2
What is the hundreds digit of 25151149?
1
What is the billions digit of 5237971537?
5
What is the thousands digit of 112651150?
1
What is the hundreds digit of 188718874?
8
What is the ten millions digit of 1034084546?
3
What is the thousands digit of 62316084?
6
What is the hundred thousands digit of 2407735988?
7
What is the hundred thousands digit of 392016892?
0
What is the tens digit of 276727086?
8
What is the hundreds digit of 15173337?
3
What is the ten millions digit of 1023527586?
2
What is the hundred millions digit of 625045320?
6
What is the thousands digit of 95976890?
6
What is the hundred millions digit of 174121043?
1
What is the hundred thousands digit of 691986924?
9
What is the ten millions digit of 572461287?
7
What is the ten thousands digit of 156974639?
7
What is the hundreds digit of 90601186?
1
What is the ten millions digit of 1885258020?
8
What is the ten millions digit of 3534514276?
3
What is the hundred thousands digit of 33074747?
0
What is the ten thousands digit of 53922802?
2
What is the hundreds digit of 525516875?
8
What is the ten millions digit of 110805631?
1
What is the tens digit of 438374724?
2
What is the tens digit of 13846938?
3
What is the units digit of 1421109233?
3
What is the units digit of 47829493?
3
What is the thousands digit of 1554085583?
5
What is the billions digit of 5996375297?
5
What is the ten thousands digit of 40921745?
2
What is the hundreds digit of 1339132328?
3
What is the millions digit of 1386516?
1
What is the ten millions digit of 604399196?
0
What is the hundred millions digit of 1697424784?
6
What is the tens digit of 177578877?
7
What is the hundred millions digit of 2609499992?
6
What is the millions digit of 780347248?
0
What is the hundred millions digit of 203894525?
2
What is the hundred thousands digit of 1324479344?
4
What is the ten millions digit of 276108327?
7
What is the units digit of 2002645367?
7
What is the hundred thousands digit of 3800475381?
4
What is the hundreds digit of 67546222?
2
What is the ten thousands digit of 1237597824?
9
What is the hundred millions digit of 204671633?
2
What is the millions digit of 27753858?
7
What is the hundred millions digit of 742306527?
7
What is the millions digit of 2928959400?
8
What is the billions digit of 3335778499?
3
What is the hundreds digit of 216680077?
0
What is the tens digit of 103944253?
5
What is the billions digit of 2003018139?
2
What is the units digit of 30626337?
7
What is the hundred millions digit of 1396935026?
3
What is the millions digit of 106093274?
6
What is the hundred millions digit of 1432738396?
4
What is the millions digit of 292860857?
2
What is the units digit of 49583029?
9
What is the tens digit of 211319714?
1
What is the ten millions digit of 60903201?
6
What is the hundred thousands digit of 3551005650?
0
What is the units digit of 94605506?
6
What is the hundreds digit of 3610862?
8
What is the ten millions digit of 145402078?
4
What is the hundred millions digit of 255451755?
2
What is the hundreds digit of 489319727?
7
What is the ten millions digit of 269011209?
6
What is the hundred thousands digit of 90556004?
5
What is the units digit of 49330428?
8
What is the units digit of 588068217?
7
What is the ten thousands digit of 4980566760?
6
What is the ten thousands digit of 2392392492?
9
What is the hundred millions digit of 662087138?
6
What is the thousands digit of 47879174?
9
What is the ten millions digit of 2828134539?
2
What is the tens digit of 211713473?
7
What is the hundred thousands digit of 229072413?
0
What is the millions digit of 245813309?
5
What is the hundred thousands digit of 44284729?
2
What is the thousands digit of 221440647?
0
What is the units digit of 91387729?
9
What is the tens digit of 24006201?
0
What is the ten millions digit of 22964246?
2
What is the thousands digit of 180202335?
2
What is the hundreds digit of 203967197?
1
What is the hundreds digit of 666739723?
7
What is the hundreds digit of 61051030?
0
What is the units digit of 1149166719?
9
What is the ten millions digit of 636104925?
3
What is the hundred thousands digit of 10668248?
6
What is the hundreds digit of 1328235490?
4
What is the hundred thousands digit of 17718738?
7
What is the hundred millions digit of 134306965?
1
What is the thousands digit of 366598752?
8
What is the units digit of 1444712066?
6
What is the ten thousands digit of 57737955?
3
What is the ten millions digit of 184580799?
8
What is the millions digit of 4217222062?
7
What is the ten thousands digit of 135731217?
3
What is the hundred thousands digit of 25820313?
8
What is the tens digit of 87315867?
6
What is the millions digit of 253274510?
3
What is the units digit of 4943969547?
7
What is the millions digit of 41455099?
1
What is the thousands digit of 1994342275?
2
